
14
Let w be ((-1)/2)/(4/(-584)). Let l = 118 - w. What is the remainder when l is divided by 12?
9
Suppose 0 = -5*r - 3*j - 33, r + 2*j = 5*j - 21. Calculate the remainder when (1360/(-15))/(6/r) is divided by 46.
44
Suppose 0 = -9*a + 3*a + 24. Let f = a + 9. What is the remainder when f is divided by 7?
6
Let u(v) = -2*v + 77. Let s = 35 + -35. What is the remainder when u(s) is divided by 16?
13
Let t(p) = -3*p + 29. Let o be t(0). Let q = -22 + o. Calculate the remainder when q is divided by 4.
3
Let s = -118 - -211. What is the remainder when s is divided by (2/(-35))/(6/(-240))*14?
29
Suppose 5*i + 87 = 7. Calculate the remainder when (-9)/(9/i) + -3 is divided by 5.
3
Suppose 0 = f, -5*w + 0*f + 140 = f. Suppose -28*u = -35*u + 63. Let x(s) = s**2 - 5*s - 26. What is the remainder when w is divided by x(u)?
8
Suppose 53*y - 54054 - 22213 = 0. Calculate the remainder when y is divided by 20.
19
What is the remainder when 1850/16 + 6/16 is divided by 33?
17
Let v(t) = -2*t - 20. Let h(x) = -x - 21. Let j be h(-6). What is the remainder when 2/1 - (0 - 35) is divided by v(j)?
7
Suppose -14*l = -55*l + 1394. What is the remainder when 181 is divided by l?
11
Let x = -15 + 50. Suppose 2*a = -1 + x. What is the remainder when 33 is divided by a?
16
Let d(g) = 5*g**2 + 7*g - 5. What is the remainder when d(-4) is divided by 1*(-2 + 3)*17?
13
Suppose 99 = 2*s + 5*w + 1, 5*s = w + 245. Calculate the remainder when 487 is divided by s.
46
Let h(n) = 2*n**3 + 114*n**2 + 50*n - 113. Calculate the remainder when h(-56) is divided by 60.
59
Suppose -5*a = 53 - 133. Let c = -73 - -79. What is the remainder when a is divided by c?
4
Let n(o) = -o**3 + 3*o**2 - 1. Let s be n(3). Let d be s - (1 + (-3 - -2)). What is the remainder when -3 + (-3)/d + 69 is divided by 14?
13
Suppose 20 - 400 = 2*x. Let s = x + 268. What is the remainder when s is divided by 27?
24
Let h = 7 - 7. Suppose h = -7*a + 9 + 12. What is the remainder when 8 is divided by a?
2
Suppose -4*y - 8 = 0, 5*z - 8 = y - 2*y. Suppose -z*d = -0*d - 28. What is the remainder when d is divided by 4?
2
Suppose -4*b - 2*q = -590, q + 4*q + 142 = b. Suppose -45 - b = -6*t. What is the remainder when t is divided by 11?
10
Suppose -39*g = -35*g - 140. Calculate the remainder when 115 is divided by g.
10
Suppose -3*t + 65 = 5*c, 3*t - 52 = t + c. Let x = 132 - 67. Suppose -3*u - 2*u + x = 0. What is the remainder when t is divided by u?
12
Let x(n) = -n**2 + 36*n + 53. What is the remainder when 53 is divided by x(37)?
5
Suppose 19*m = 24*m - 50. Let u(z) = 2*z**2 - 6*z + 7. What is the remainder when u(5) is divided by m?
7
Suppose 0 = r - 2, z = r + 33 + 110. Suppose 0*d - z = -4*d - 3*q, -140 = -3*d + 4*q. Let v(i) = 2*i + 2. Calculate the remainder when d is divided by v(6).
12
Let c(s) = 4*s**3 - 4*s**2 - 6*s + 14. What is the remainder when 269 is divided by c(3)?
65
Let w = -215 + 463. Calculate the remainder when w is divided by 79.
11
Let q = -91 - -65. Let l = 29 + q. What is the remainder when 16 is divided by l?
1
Suppose -45 = -3*z + 4*x, -21 = 26*z - 29*z - 4*x. Suppose 2*n + 180 = 4*r, -2*r = -r + 2*n - 35. What is the remainder when r is divided by z?
10
What is the remainder when (3/1)/(11/1177) is divided by 27?
24
Let h be 2 + (7 - 1) + -3. Suppose -20 = 5*v + 7*p - 3*p, h*v = -p - 20. Calculate the remainder when (3 + -6 - v) + 13 is divided by 8.
6
Suppose -4*z = 1098 - 1222. What is the remainder when 274 is divided by z?
26
Suppose 58*s - 180 = 52*s. Let i = -12 - -3. What is the remainder when i/6 + (-177)/(-2) is divided by s?
27
Suppose -535 + 403 = -4*n. Calculate the remainder when 113 is divided by n.
14
Suppose -78*l = -54*l - 288. What is the remainder when l is divided by 6?
0
Let i = 153 - 133. Calculate the remainder when 57 is divided by -2*25/i*-4.
7
Let i(m) be the second derivative of m**3/6 + 6*m**2 + 15*m. Calculate the remainder when i(10) is divided by 12.
10
Let a(v) = -v**3 - 2*v**2 - 4*v - 2. Let m = -20762 + 20854. What is the remainder when m is divided by a(-3)?
16
Let q be 1 - -1 - (1 - 1). Suppose -8*a + 13 - 101 = 0. What is the remainder when 25 is divided by q/a - (-101)/11?
7
Let h(b) = 41*b + 128. What is the remainder when 72 is divided by h(-3)?
2
Let d be -5 + 1/((-4)/(-16)). Let o = d - -9. Calculate the remainder when 31 is divided by (o/(-1))/((-1)/2).
15
Suppose -13 = 3*p + 2*p + 3*o, -6 = -2*p - 4*o. Let r = -5 - p. Suppose r = 2*h - 34 - 10. Calculate the remainder when h is divided by 6.
4
Let g(s) = -s**3 + 2*s**2 + 9*s. Let h be g(4). Let k = 6 - 8. What is the remainder when (4/8 - k)*h is divided by 3?
1
Suppose 8*r - 4*r = 3*b + 9, 0 = r - 3. Suppose -2*j + j - 10 = -5*d, j + b = 2*d. What is the remainder when 22 is divided by j?
2
Let l = -186 - -275. Calculate the remainder when l is divided by 18.
17
Suppose l = -4*l - 35. Let n(k) = k**3 + 10*k**2 + 9*k + 9. What is the remainder when n(l) is divided by 0/18 - 12*-2?
21
Suppose 5*h - 129 + 14 = 0. Let j = 40 - h. Calculate the remainder when 82 is divided by j.
14
Let c be (-184)/(-10) + 4/(-10). Suppose c = 5*d - 67. Suppose -18699 = -11*g - 18600. What is the remainder when d is divided by g?
8
Let k = 25 + -25. Let i(t) = -2*t + 34. What is the remainder when i(k) is divided by 6?
4
Suppose -3*a + 5*h = -9, 0*a + 5*a + h - 15 = 0. Suppose 5*x + a = -17. Calculate the remainder when 33 is divided by x/(-14) - 248/(-14).
15
Suppose -q = 2*q - 18. Let p = 25 - -11. Suppose -u - p + 0 = -2*g, 3*g + 2*u - 47 = 0. What is the remainder when g is divided by q?
5
Suppose 0 = 33*v - 833 - 256. Let k be (-3 - 1)*(-7 + 6). Suppose 3*a - 1 = k*o + 4, -o = 4*a - 32. Calculate the remainder when v is divided by a.
5
Suppose -2*g = 2*w - 16, -4*g = g - 4*w - 67. Let f(x) = -601*x**2 + 602*x**2 + 2*x + 3*x - 6. What is the remainder when g is divided by f(2)?
3
Suppose 3*y = 10 - 1. Suppose y*r + 13 - 40 = 0. What is the remainder when 31 is divided by r?
4
Suppose h - 36 = -28. Let r be -2 - -6*18/3. Let i = r + -5. Calculate the remainder when i is divided by h.
5
What is the remainder when 141 is divided by -2*((-110)/6 - (-8)/(-12))?
27
Let i(j) = 70*j + 324. Calculate the remainder when i(10) is divided by 25.
24
Let y = -66 - -67. What is the remainder when 72 is divided by (2*y)/((-113)/19 - -6)?
34
What is the remainder when 38 is divided by (9 - 7) + 28 + 5?
3
Let l(x) be the third derivative of x**4/4 - 4*x**3/3 - 31*x**2 + x. What is the remainder when l(11) is divided by 12?
10
Let u = 28 - -90. Calculate the remainder when u is divided by 24.
22
What is the remainder when 1096 is divided by (76 + -19)*(-1)/(-3)?
13
Let y = -25 - -63. Let t(u) = 3*u - 16. Let k be t(4). What is the remainder when y is divided by (0 - k)/(-4) + 15?
10
Suppose 54 = 11*f - 8*f. Let q = 26 - f. Calculate the remainder when 38 is divided by q.
6
Let a be ((-90)/(-24))/(3/4). Suppose 3*g - 6 = 9, l - 4*g + 7 = 0. Let f = l - a. Calculate the remainder when 31 is divided by f.
7
Suppose -3*i = -6*i + 6. Suppose -i = 2*r - 16. Suppose 5*c - r = 18. Calculate the remainder when 32 is divided by c.
2
Suppose 0*q - 65 = -5*m - 4*q, 3*m - 5*q = 2. What is the remainder when 63 is divided by (-3)/(9/(-6)) + m?
8
Suppose -86*x + 31574 - 10762 = 0. Calculate the remainder when x is divided by 9.
8
Let h be ((-4)/(-5))/(17/1870). Suppose -7*y + 5*y = -h. Calculate the remainder when y is divided by 12.
8
Let j(v) = -v**3 - 6*v**2 + 5*v. Let z = -31 + 24. Calculate the remainder when 38 is divided by j(z).
10
Calculate the remainder when 3 is divided by ((-6)/24*4)/((-1)/2).
1
Let r be 1 - ((1 - 3)/(-2) + -8). Suppose -r*h = 21 - 453. What is the remainder when h is divided by 14?
12
Suppose 0 = 5*k + 4*n - 299, -2*k + 78 = -3*n - 60. Calculate the remainder when 113 is divided by (-2)/(-9) - (-1435)/k.
21
Let d(f) = 4*f**2 - 6*f + 15. What is the remainder when d(2) is divided by 13?
6
Suppose 8*u - 20 = 3*u. Let j(b) = b**2 - 8. Calculate the remainder when 46 is divided by j(u).
6
Suppose -9*y + 243 = -0*y. Calculate the remainder when y is divided by 10/(-35) + (-228)/(-14).
11
Let s be (0/(-1) + -24)/(-2). Let v = s + -1. Calculate the remainder when (3 + 2)*84/10 is divided by v.
9
Suppose -15*j 